 a. Calculate the highest common factor of k and 126.
42
Suppose -4*t + 0 + 11 = -3*f, 4*t - 2*f = 14. Suppose -11*m - 110 = -159 - 226. Calculate the highest common divisor of m and t.
5
Suppose 0 = -680*v + 1594 + 2486. What is the greatest common divisor of v and 5541?
3
Suppose 0*o + 5*o = 3*f - 1315, 1738 = 4*f + o. What is the greatest common divisor of 615 and f?
15
Let r(u) = -73*u**3 - u**2 - 4*u - 3. Let f be r(-2). Let n = 103482 - 103443. Calculate the highest common divisor of n and f.
39
Let y(v) = v - 11. Let u be (-1 + 0)/3 - (-3900)/117. Let q be y(u). What is the greatest common factor of 352 and q?
22
Let u = -4025 + 4043. What is the highest common divisor of u and 6030?
18
Let y be (-40)/24*((-24)/10)/2. Suppose y*w = -2*h + 70, 4*w + 95 = 3*h + 2*w. What is the highest common factor of 231 and h?
33
Suppose -6*c + 8*c = 16. Suppose 4*t - 71 = 5*n, 5*t - 4*t - c = -2*n. Calculate the greatest common factor of 574 and t.
14
Let g = 225 + -115. Let t = -88 + g. Let r = 43 - t. What is the greatest common factor of r and 168?
21
Let p = -11 - 149. Let s = p + 186. What is the highest common divisor of 104 and s?
26
Suppose -4*a = w - 12, -2*w + 39 = 79*a - 76*a. Suppose -23 = -2*i + 3*m, -5*i = -i + 5*m - 79. Calculate the highest common factor of i and w.
8
Let c be 125 - (-40)/6*(-318)/(-265). What is the greatest common divisor of 28 and c?
7
Suppose -2*q + 6 + 8 = 0. Let m be (-3 - ((q - 0) + 3))*-1. Let f be (-6 + 1)*117/(-5). What is the greatest common divisor of m and f?
13
Let z(t) = -2599*t + 4266. Let b be z(-24). What is the highest common factor of 29 and b?
29
Let j = -14 - -31. Let s = -15 + 24. Let o be (4 + j)/(s/48). Calculate the highest common factor of 14 and o.
14
Suppose -c = -7, -730 = -3*t + 1006*c - 1001*c. Calculate the highest common divisor of 2125 and t.
85
Suppose -3293 = 3*f + 2*g, -5*f + 4384 = -9*f - g. Let w = f - -1098. Let v(s) = s**2 - 6*s + 9. Let c be v(6). Calculate the greatest common factor of w and c.
3
Suppose -3*j - 126 = 2*b, 195*b = -3*j + 197*b - 114. Let v be ((-27)/5)/(8/j). What is the greatest common factor of v and 144?
9
Let c(m) = 209*m + 2250. Let o be c(37). Calculate the highest common divisor of o and 201.
67
Suppose 2*w - 364 = -3*g, 0*g - 2*w = g - 124. Let d(f) = -f**3 - 3*f**2 - 15*f - 1. Let c be d(-4). Calculate the greatest common factor of c and g.
15
Let w(t) = -t**2 + 7*t - 6. Let l be w(4). Let f = 18 - l. Suppose -k + f = -24. What is the greatest common divisor of 24 and k?
12
Let v = -884 - -884. Suppose 12*s - 104 - 28 = v. What is the highest common factor of s and 473?
11
Let g = 9 + 9. Suppose -n - 5 = 0, -4*b - n - n - g = 0. Let z be (39/(-6) - b)/((-3)/40). What is the greatest common divisor of z and 80?
20
Let r(n) = -7*n + 10. Let f be r(9). Let z = f + 53. Let l be (-1 + (z - -13))*(5 + 17). What is the highest common factor of l and 33?
33
Let f be 10*(-14)/35 + 342. Let b be f/10 - 32/40. Calculate the highest common factor of 176 and b.
11
Suppose -5*i + 33*i - 1634 = -15*i. Calculate the highest common factor of 15447 and i.
19
Suppose 0 = -5*l - 5*q + 1895, 2*q + 0*q - 8 = 0. Let t be (-75)/(-25) - 1/((-3)/l). What is the highest common factor of 80 and t?
16
Let m be 6/15 - 36/(-10). Suppose 5*g + d - 42 = 0, -5*g - m*d = -2*d - 39. Calculate the greatest common divisor of 54 and g.
9
Let g(o) = -35*o + 2. Let w(n) = 36*n - 2. Let p(c) = 6*g(c) + 5*w(c). Let t be p(-6). What is the greatest common divisor of 14 and t?
14
Suppose -22755 = -45*y + 10275. Calculate the greatest common divisor of y and 2.
2
Let a be (-269)/(-4) + ((-385)/(-44) - 9). Calculate the greatest common factor of 5963 and a.
67
Suppose 236 = 6*g - 4. Calculate the highest common factor of g and 40.
40
Suppose 10*x - 19 = 12 + 39. Calculate the greatest common factor of x and 3661.
7
Let x be 24/(-3) + 516/3. What is the highest common factor of x and 10332?
164
Let c = -16106 + 27132. What is the greatest common divisor of c and 74?
74
Let f be (124 - 12)/((1 - 0)/1). Suppose 3*a - 86 - f = 0. Let n = 12 - -10. Calculate the greatest common factor of a and n.
22
Suppose 0 = -3*x + 3*u + 26091, -2*x = -6*x - 5*u + 34770. Calculate the highest common divisor of 470 and x.
235
Suppose 5*j - 15 = 3*s + 8*j, -25 = -5*s + 5*j. Suppose s = t + 7*t - 24. Suppose 0 = -0*p - 2*p + 42. Calculate the highest common divisor of p and t.
3
Suppose -10*t = -1922 + 92. Let o = 215 - t. Suppose p + 5*v - 43 = 0, 3*v - 146 = -3*p + 5*v. Calculate the highest common factor of p and o.
16
Suppose -68*m + 96436 = -10664. What is the greatest common factor of m and 9?
9
Let c be (7440/(-200))/((-2)/((-120)/(-9))). What is the greatest common factor of 72 and c?
8
Let q = 539 + -543. Let z be (-36)/12 - 12*q. What is the greatest common factor of z and 315?
45
Let i(y) = -y**3 + 28*y**2 + 126*y + 74. Let q be i(32). Calculate the greatest common divisor of 1730 and q.
10
Let d(g) = -3*g + 15 + 19 - g - 6. Let b be d(-14). What is the highest common divisor of b and 105?
21
Let m be ((-116)/(-464))/((-1)/(-344)). What is the greatest common factor of m and 1849?
43
Let y = 14792 + -13569. What is the highest common divisor of y and 2?
1
Let c be -573*6/(-54) + 1/3. Calculate the highest common factor of 8 and c.
8
Suppose 33*d - 820 = -49*d. Suppose 0 = -7*b + 495 + 1255. What is the highest common factor of d and b?
10
Let r(t) = -4*t. Let c be r(-3). Let p = -49 + 50. Let f be p/1*(-12)/(-2). What is the greatest common factor of c and f?
6
Let m(p) = -p**3 - 25*p**2 - 69*p - 50. Let k(d) = -5*d**2 - 22*d - 7. Let i be k(-5). Let j be m(i). Calculate the greatest common divisor of j and 16.
16
Let k(l) = 27*l - 7. Let j be k(-9). Let p be (-2)/(-3 + j/(-85)). What is the greatest common factor of p and 306?
34
Let p(v) = 8*v**2 + v + 1. Let m be p(-1). Let c = 352 - 263. Let r = c - 49. Calculate the highest common factor of r and m.
8
Let a = 102 + -168. Let y = 70 + a. Let n = 31 + -3. Calculate the highest common factor of n and y.
4
Let t(x) = 469*x**2 + 3*x - 2. Let d be t(2). Suppose 0 = 23*w + d - 12644. Calculate the highest common divisor of w and 52.
52
Let j be -7*(6 - 152)*(-1 + 2). What is the highest common factor of 219 and j?
73
Let p be 12/21*(-560)/(-880) - 2060/(-22). What is the highest common divisor of 2867 and p?
47
Let z be 204/9*(-3627)/(-78). What is the greatest common divisor of 170 and z?
34
Let z be 916/6 + 1/3. Suppose -2*w - 2*k - 1198 + 106 = 0, 3*w + 5*k = -1630. Let t = w - -652. Calculate the highest common factor of z and t.
51
Suppose -58*a + 76039 = -119827. Calculate the greatest common divisor of a and 22.
11
Let o(j) = 31*j + 1326. Let g be o(-39). What is the highest common factor of g and 52?
13
Let g = 91 + -91. Suppose g = 5*f - 89 - 561. Suppose 3*q - p + 220 = 626, -q - 5*p + f = 0. What is the highest common factor of 90 and q?
45
Suppose -3*a - 118 = -112. Let v be 183/18 - a/(-12). Suppose c + 9 = v. What is the greatest common divisor of c and 20?
1
Suppose -1472 + 55702 = 319*k. Suppose -4*f + 0 = -40. What is the highest common factor of f and k?
10
Suppose -13*x + 4157 + 4488 = 0. Let y = x - 662. Calculate the highest common factor of y and 2.
1
Let b = 33 - 31. Let f(x) = 0*x**b + 531*x + 3*x**2 + 2 - 530*x. Let k be f(-5). Calculate the greatest common factor of 18 and k.
18
Let y = 4813 + -4436. What is the highest common factor of y and 232?
29
Let s = -2 - 4. Let i be 1 - s/(-1 - -2). Let z = -33 - -40. What is the greatest common divisor of z and i?
7
Let j = -2116 - -2141. Calculate the greatest common factor of j and 4825.
25
Let z(g) = 1834*g + 5717. Let j be z(-3). What is the highest common divisor of j and 85?
5
Let d(m) = m**2 + 31*m + 61. Let o be d(-29). Suppose 4 = -r, -38 = -o*g + 4*r + 8. What is the greatest common factor of 130 and g?
10
Let r be 17/(-85) + (-69768)/(-90). What is the greatest common divisor of r and 4030?
155
Let z(i) = -128*i + 618. Let g be z(4). What is the greatest common factor of g and 583?
53
Let z = 27957 - 25220. Calculate the highest common divisor of z and 476.
119
Suppose w - 36 = -5*x, x + 12 = -5*w - 0. Let q(v) = -37*v + 378. Let h be q(10). What is the highest common factor 